. Suppose -5*h - 3*y = -1375, h - 1350 = -4*h + r*y. List the prime factors of h.
2, 17
List the prime factors of -11 - 4320960/(-352) - 12/(-22).
5, 11, 223
Suppose 4 = 5*l + 4*r - 8, -4*r - 16 = -2*l. What are the prime factors of (l - 50/(-6))*63?
3, 7, 37
Suppose 275223 = 41*v + 22991. List the prime factors of v.
2, 769
Suppose 7*q - 5*q - 12 = 0. Suppose q = 4*u + 2. List the prime factors of (51 - 6) + u/(-1).
2, 11
Let i be ((-4)/(0 - -4))/1*76. Let d = 97 + i. Let m(q) = -q**2 + 27*q - 13. What are the prime factors of m(d)?
113
Let k(v) = 3*v + 6*v**2 + 8*v**2 + 5*v**3 - 6*v**3 - 20 - v. Let i be k(16). Let y = i + 706. What are the prime factors of y?
2, 103
Let l = 74 + 369. Suppose 7*w - 229 = l. Suppose 0 = 28*t - 25*t - w. What are the prime factors of t?
2
Suppose 5*w - d + 10 = 0, -2*d - 2*d - 29 = 3*w. Let p be (-70)/25 - w - (-2314)/5. Let s = -309 + p. List the prime factors of s.
2, 7, 11
Suppose -3*l - 28213 = 5*k - 294373, 212928 = 4*k + 5*l. List the prime factors of k.
2, 3, 1109
Suppose -6*m = -63 - 9. Suppose -4*g - 29 + 81 = 4*f, 0 = g + 2*f - m. Suppose -15*d + 59 = -g*d. What are the prime factors of d?
59
Let b(g) = g**3 + g**2 - 72*g + 8. Let o be b(-9). Suppose 0 = -o*l + 6939 + 1133. List the prime factors of l.
1009
Suppose 0 = 74*m - 400432 - 254586 - 272128. List the prime factors of m.
11, 17, 67
Let k(w) = -w**2 + 7*w - 3. Let q be k(4). Suppose q*j = 3*j. Suppose -2*y - 58 + 242 = j. What are the prime factors of y?
2, 23
Let s = -1100 - -1967. Suppose -21*w + 18*w = -s. List the prime factors of w.
17
Suppose 0 = 12*s - 11*s - 3. Suppose 0*n + s*n = 0. Suppose 0 = -t - 2*t + 5*q + 235, n = -2*t - 5*q + 115. List the prime factors of t.
2, 5, 7
What are the prime factors of 115794721/6859 + 3/(-19)?
2, 23, 367
Let r be (-40)/(-25)*3/((-12)/10). List the prime factors of 918 + (4 + r)/5.
2, 3, 17
Suppose 0 = 32*f - 6*f - 1976. Suppose -2*q - 4*g + 9 = 39, 5*q - 2*g + 135 = 0. Let i = q + f. List the prime factors of i.
3, 17
Suppose 145265 = -5*k + 22*k. What are the prime factors of k?
5, 1709
Let g(t) = -56*t - 18. Let m be 6/4 + 6/36*-3. Let a be m - (-5 - (-2 - 8)). List the prime factors of g(a).
2, 103
Suppose -45 = g - 4*t, 0 = -2*g + 4*g + 2*t + 50. Let d = -110 + g. Let o = 19 - d. What are the prime factors of o?
2, 79
Suppose 4*k - 184006 = j, -3*k = -39*j + 40*j - 138001. List the prime factors of k.
157, 293
Let f(c) be the second derivative of 273*c**5/10 - c**4/4 + c**3/2 - 3*c**2/2 + 112*c. List the prime factors of f(1).
3, 181
Let b(c) = -c**3 - 15*c**2 + 34*c + 6. Let p be b(-17). Let t(n) = 9*n**2 + 2*n - 3. List the prime factors of t(p).
3, 37
Let a(o) = 3*o - 13. Let d be a(5). Suppose 3*h - d*h + 83 = 0. Let v = h + 123. List the prime factors of v.
2, 5
Let a = 58 - 54. Suppose -3*n + 2*n + 14 = a*y, 3*n = 5*y - 9. Suppose n*o - 4*w - 138 = 0, -o = w + w - 61. What are the prime factors of o?
5, 13
Let x(q) = -18 + 10*q + 8*q + 12 - 3*q**2 - 7*q**3. What are the prime factors of x(-4)?
2, 7, 23
Let h = 128 + -83. Suppose 0 = 4*w + 3*v - 1357, -w + 166 = 2*v - 172. Suppose w = -41*c + h*c. List the prime factors of c.
5, 17
Let g(t) = 4*t**2 + 17*t - 9. Let z(f) = -5*f**2 - 18*f + 8. Let k(o) = 6*g(o) + 5*z(o). Let h be k(9). Suppose -92 = -3*a + h. What are the prime factors of a?
5, 7
What are the prime factors of 1*-21 - 21959530/(-655)?
5, 6701
Let p = 106 + -101. What are the prime factors of 0/(-2 - p) + 1 + 214?
5, 43
Let l = 3901 - 292. List the prime factors of l.
3, 401
Let k = 81 + -68. Let a = k - -27. What are the prime factors of 2216/a - 2/5?
5, 11
Let w be (-22)/10 + 2 + (-202)/(-10). Let a be (4/1)/(w/10). Suppose 50 = 2*r - a*x, -2*x - 103 = -3*r - 6*x. List the prime factors of r.
29
List the prime factors of ((-16)/8 - (1 + -4079))*2.
2, 1019
Let z = 1377 + 8514. List the prime factors of z.
3, 7, 157
Let q(f) = -f - 5. Let j be q(7). Suppose -2*u + u + 3*d = 57, 5*u = -3*d - 375. List the prime factors of (u/(-10))/(j/(-150)).
2, 3, 5
Let q be (-1 - (4 + -3)*0)*-2. Suppose -b - q*b + 423 = 0. Let k = b + -37. List the prime factors of k.
2, 13
Suppose 5*o + 28 = 5*x - 7, x - 3*o = 15. What are the prime factors of x + (-745)/10*-2?
2, 19
Suppose -31*h + 42*h - 33022 = 0. List the prime factors of h.
2, 19, 79
Let w(b) = 47*b**2 - 3*b + 1. Let l(d) = d**2 - 31*d + 2. Let x be l(31). List the prime factors of w(x).
3, 61
Let t = -321 + 215. Let z = 584 + t. What are the prime factors of z?
2, 239
Let x(j) = 29*j**2 - 24*j - 217. What are the prime factors of x(-10)?
37, 79
Let p(f) = 291*f - 223. List the prime factors of p(33).
2, 5, 7, 67
Suppose 12748 = d - 2*o - 41818, 0 = 2*o + 10. List the prime factors of d.
2, 23, 593
Suppose i = 4*k - 2*k - 11405, 0 = -4*k - 5*i + 22789. What are the prime factors of k?
5701
Let s(w) = w**3 - 5*w**2 - w + 4. Let g be s(5). Let b(h) = -14*h + 11*h + 4*h - 4*h - 84*h. List the prime factors of b(g).
3, 29
Let w be 8 - 12*6/18. Suppose 0 = -w*s + 2*u + 1186, 4*u - 1450 = 12*s - 17*s. List the prime factors of s.
2, 3, 7
Suppose 3*g + 778 = -0*i + 2*i, i + 772 = -3*g. List the prime factors of ((-1)/(-2))/((-3)/g).
43
Suppose -48*k + 57*k + 6093 = 0. Let a = -144 - k. What are the prime factors of a?
13, 41
Suppose -d = -2*w + 5598, -3*w - 4*d - 806 + 9214 = 0. What are the prime factors of w?
2, 5, 7
Let c(j) = 2*j**2 + 14*j + 15. Let m be c(-6). Suppose -m*g = x - 2029, -10 = -3*x + 8*x. What are the prime factors of g?
677
Let m(d) = 4*d**3 - 40*d**2 - 45*d + 779. List the prime factors of m(25).
2, 13, 1429
Let x = 84068 + -58711. What are the prime factors of x?
25357
Let d(n) = -n**2 - 38*n + 21. Suppose 2*j = 6, r - j - 2*j + 29 = 0. List the prime factors of d(r).
3, 127
What are the prime factors of ((-9228)/3)/((-114)/285)?
2, 5, 769
Suppose -5*q + s + 3*s = -12, -2*q - 4*s = 12. Suppose q = -17*z + 1734 + 136. What are the prime factors of z?
2, 5, 11
Let o(m) = 40*m**2 + 3*m + 2. Let g be o(-1). Suppose 44*y - g*y - 25 = 0. Suppose -y*f - 3*k = -922, -2*k - 365 = 4*f - 1103. What are the prime factors of f?
5, 37
What are the prime factors of (-25)/35*-14 + 4196?
2, 3, 701
Suppose -77739 = -5*i + 8*h, -i + 21446 = 2*h + 5873. List the prime factors of i.
15559
List the prime factors of (-2)/(-6) - 7/(-2)*(-778962)/(-171).
2, 1993
Let o(c) = -7*c**2 - 120 - 2*c + 0*c + 18*c**2 - 14*c**2 + 117 - 5*c**3. Let q = -8 - -6. What are the prime factors of o(q)?
29
Let s(y) = 78*y**2 - 953*y + 30. What are the prime factors of s(15)?
3, 5, 73
List the prime factors of (-5)/15*-10899 - -10.
3643
Let h be ((-256)/(-12) - 0)*(-9)/(-6). Suppose -4*r - 31*b = -h*b - 2435, -3*r + b + 1826 = 0. List the prime factors of r.
3, 7, 29
Let i = 2115 - -3761. What are the prime factors of i?
2, 13, 113
Suppose -8*u - 8 = -7*u. List the prime factors of -7*(-24)/224 - 2770/u.
347
Suppose -3*t - 5*c + 42801 = 0, -5*c + 0*c = -15. Suppose 21*n - 12345 - t = 0. What are the prime factors of n?
7, 181
Let g(a) = -2*a + 32. Let j be g(16). Suppose j = -2*k - k + 36. List the prime factors of (k/5 - 0)*420/18.
2, 7
Let m(a) = 2*a**2 + 9*a - 17. Let j = 17 + -5. Suppose 110 = j*c - 23*c. List the prime factors of m(c).
3, 31
Let j(v) = -3*v - 9. Suppose 35 = 8*p - 5. Suppose -3*h + 3*g = 27, p*h + 11 = -4*g - 34. List the prime factors of j(h).
2, 3
Suppose 0 = 3*o + 5*z - 1100, 0 = -4*o - 6*z + 3*z + 1463. Suppose -3*w = -454 - o. List the prime factors of w.
3, 7, 13
Let g(d) = 1895*d + 993. List the prime factors of g(18).
3, 11701
Let t(x) be the third derivative of 23*x**4/12 + 7*x**3/2 - 2*x**2 + 4. What are the prime factors of t(8)?
389
Let x be (20/25)/(2/30). Let k(d) = d**2 - 12*d + 5. Let v be k(x). Let p = v - -19. List the prime factors of p.
2, 3
Let v(r) be the second derivative of r**4/6 + 4*r**3/3 + 6*r**2 - 3*r. Suppose 0 = 2*j + 3*k + 8 + 13, 4*j + 41 = -5*k. List the prime factors of v(j).
2, 3, 17
Let a = -181 - -157. List the prime factors of a/30 + 2109/5.
421
Suppose -34*k + 4765 = -11*k - 387. What are the prime factors of k?
2, 7
Let z be (-54 - 369)/(2*(-3)/32). Suppose 0 = 2*p - 5*p - 5*s + 1336, -5*p + z = s. List the prime factors of p.
2, 113
Let q = -2609 - -3984. Suppose 2*m + 2*j = 686, 0 = -m + 5*m + 3